{"id":262,"date":"2020-05-15T20:32:20","date_gmt":"2020-05-15T20:32:20","guid":{"rendered":"http:\/\/wadokai.ee\/?page_id=262"},"modified":"2025-07-02T10:52:50","modified_gmt":"2025-07-02T10:52:50","slug":"danid-ja-korgemad-vood-eestis","status":"publish","type":"page","link":"https:\/\/wadokai.ee\/en\/danid-ja-korgemad-vood-eestis\/","title":{"rendered":"Dan\u00b4id ja k\u00f5rgemad v\u00f6\u00f6d Eestis"},"content":{"rendered":"<section class=\"kc-elm kc-css-86622 kc_row\"><div class=\"kc-row-container  kc-container\"><div class=\"kc-wrap-columns\"><div class=\"kc-elm kc-css-880014 kc_col-sm-12 kc_column kc_col-sm-12\"><div class=\"kc-col-container\"><div class=\"kc-elm kc-css-97412 kc_text_block\"><h5><strong>JKF Wadokai mustav\u00f6\u00f6 (dan) astmete ja Wadokai Estonia k\u00f5rgemate (kyu) v\u00f6\u00f6 astmete nimekiri Eestis.\u00a0<\/strong><\/h5>\n<h5><strong>M\u00e4rts 2023.a seisuga.<\/strong><\/h5>\n<\/div><div class=\"kc-elm kc-css-750427\" style=\"height: 30px; clear: both; width:100%;\"><\/div><\/div><\/div><\/div><\/div><\/section><section class=\"kc-elm kc-css-872352 kc_row\"><div class=\"kc-row-container  kc-container\"><div class=\"kc-wrap-columns\"><div class=\"kc-elm kc-css-966332 kc_col-sm-6 kc_column kc_col-sm-6\"><div class=\"kc-col-container\"><div class=\"kc-elm kc-css-321995 kc_text_block\"><p><b>6.dan<\/b><\/p>\n<p>Kajar Help<\/p>\n<p><strong>5.dan<\/strong><\/p>\n<p>Antti Haljak<\/p>\n<p>Jaanus Sulg<\/p>\n<p>Mairo Kullisaar<\/p>\n<p><strong>4.dan<\/strong><\/p>\n<p>Madis Sinimets<\/p>\n<p><strong>3.dan<\/strong><\/p>\n<p>Igor Neemre<\/p>\n<p>Margot Arnus<\/p>\n<p><strong>2.dan<\/strong><\/p>\n<p>Timo Paade<\/p>\n<p>Heili J\u00e4rv<\/p>\n<p>Margit Maksing<\/p>\n<p>Mati Maksing<\/p>\n<p><strong>1.dan<\/strong><\/p>\n<p>Mio Samael P\u00e4eren<\/p>\n<p>Valdo Ots<\/p>\n<p>Alar Jaanus<\/p>\n<p>Silvar Uusna (EKWS)<\/p>\n<p>Olga Pallo<\/p>\n<p>Viljar Veebel<\/p>\n<\/div><\/div><\/div><div class=\"kc-elm kc-css-97228 kc_col-sm-6 kc_column kc_col-sm-6\"><div class=\"kc-col-container\"><div class=\"kc-elm kc-css-434546 kc_text_block\"><p><strong>1.kyu<\/strong><\/p>\n<p>Andres Auv\u00e4\u00e4rt<\/p>\n<p><span style=\"font-style: inherit;\">Meelis Bergmann<\/span><\/p>\n<p><strong>2.kyu<\/strong><\/p>\n<p>Nora Renter<\/p>\n<p>Sigrid Anton<\/p>\n<p>Vallar Soone<\/p>\n<p><strong>3.kyu<\/strong><\/p>\n<p>Evald Sepp<\/p>\n<p>Nia Arand<\/p>\n<p>Katariina J\u00e4rvan<\/p>\n<p>Marta-Aksella Freiman<\/p>\n<p>Uljana Luup<\/p>\n<p><strong>4.kyu<\/strong><\/p>\n<p>Andy Reiu<\/p>\n<p>T\u00f5nis Haaviste<\/p>\n<p>Hannes Aduson<\/p>\n<p><strong>5.kyu\u00a0<\/strong><\/p>\n<p>Manfred Dubov<\/p>\n<p>Eva Kergandberg<\/p>\n<p>S\u00e4de Taul<\/p><\/p>\n<\/div><\/div><\/div><\/div><\/div><\/section>","protected":false},"excerpt":{"rendered":"","protected":false},"author":1,"featured_media":0,"parent":0,"menu_order":0,"comment_status":"closed","ping_status":"closed","template":"page-fullwidth.php","meta":{"footnotes":""},"class_list":["post-262","page","type-page","status-publish","hentry"],"_links":{"self":[{"href":"https:\/\/wadokai.ee\/en\/wp-json\/wp\/v2\/pages\/262","targetHints":{"allow":["GET"]}}],"collection":[{"href":"https:\/\/wadokai.ee\/en\/wp-json\/wp\/v2\/pages"}],"about":[{"href":"https:\/\/wadokai.ee\/en\/wp-json\/wp\/v2\/types\/page"}],"author":[{"embeddable":true,"href":"https:\/\/wadokai.ee\/en\/wp-json\/wp\/v2\/users\/1"}],"replies":[{"embeddable":true,"href":"https:\/\/wadokai.ee\/en\/wp-json\/wp\/v2\/comments?post=262"}],"version-history":[{"count":0,"href":"https:\/\/wadokai.ee\/en\/wp-json\/wp\/v2\/pages\/262\/revisions"}],"wp:attachment":[{"href":"https:\/\/wadokai.ee\/en\/wp-json\/wp\/v2\/media?parent=262"}],"curies":[{"name":"wp","href":"https:\/\/api.w.org\/{rel}","templated":true}]}}

Dan´id ja kõrgemad vööd Eestis

<section class="kc-elm kc-css-86622 kc_row"><div class="kc-row-container  kc-container"><div class="kc-wrap-columns"><div class="kc-elm kc-css-880014 kc_col-sm-12 kc_column kc_col-sm-12"><div class="kc-col-container"><div class="kc-elm kc-css-97412 kc_text_block"><h5><strong>JKF Wadokai mustavöö (dan) astmete ja Wadokai Estonia kõrgemate (kyu) vöö astmete nimekiri Eestis. </strong></h5>
<h5><strong>Märts 2023.a seisuga.</strong></h5>
</div><div class="kc-elm kc-css-750427" style="height: 30px; clear: both; width:100%;"></div></div></div></div></div></section><section class="kc-elm kc-css-872352 kc_row"><div class="kc-row-container  kc-container"><div class="kc-wrap-columns"><div class="kc-elm kc-css-966332 kc_col-sm-6 kc_column kc_col-sm-6"><div class="kc-col-container"><div class="kc-elm kc-css-321995 kc_text_block"><p><b>6.dan</b></p>
<p>Kajar Help</p>
<p><strong>5.dan</strong></p>
<p>Antti Haljak</p>
<p>Jaanus Sulg</p>
<p>Mairo Kullisaar</p>
<p><strong>4.dan</strong></p>
<p>Madis Sinimets</p>
<p><strong>3.dan</strong></p>
<p>Igor Neemre</p>
<p>Margot Arnus</p>
<p><strong>2.dan</strong></p>
<p>Timo Paade</p>
<p>Heili Järv</p>
<p>Margit Maksing</p>
<p>Mati Maksing</p>
<p><strong>1.dan</strong></p>
<p>Mio Samael Päeren</p>
<p>Valdo Ots</p>
<p>Alar Jaanus</p>
<p>Silvar Uusna (EKWS)</p>
<p>Olga Pallo</p>
<p>Viljar Veebel</p>
</div></div></div><div class="kc-elm kc-css-97228 kc_col-sm-6 kc_column kc_col-sm-6"><div class="kc-col-container"><div class="kc-elm kc-css-434546 kc_text_block"><p><strong>1.kyu</strong></p>
<p>Andres Auväärt</p>
<p><span style="font-style: inherit;">Meelis Bergmann</span></p>
<p><strong>2.kyu</strong></p>
<p>Nora Renter</p>
<p>Sigrid Anton</p>
<p>Vallar Soone</p>
<p><strong>3.kyu</strong></p>
<p>Evald Sepp</p>
<p>Nia Arand</p>
<p>Katariina Järvan</p>
<p>Marta-Aksella Freiman</p>
<p>Uljana Luup</p>
<p><strong>4.kyu</strong></p>
<p>Andy Reiu</p>
<p>Tõnis Haaviste</p>
<p>Hannes Aduson</p>
<p><strong>5.kyu </strong></p>
<p>Manfred Dubov</p>
<p>Eva Kergandberg</p>
<p>Säde Taul</p></p>
</div></div></div></div></div></section>
